et j(b) = -b**2 + 28*b + 50. Suppose 3*p + 4*v - 39 = 0, 16*p + v - 13 = 15*p. Calculate the remainder when j(13) is divided by p.
11
Calculate the remainder when -2*(-10)/15*2/(4/1038) is divided by 329.
34
Calculate the remainder when 961 is divided by (-14 - (-497)/28)*28.
16
Let g = -5870 + 6307. What is the remainder when 462 is divided by g?
25
Suppose 6320*w + 35 = 6324*w - 21. Suppose 3*g - 51 = 2*g. Calculate the remainder when g is divided by w.
9
Let c(h) = -h**2 + 32*h - 70. Let z be c(10). Let m = -105 + z. What is the remainder when 223 is divided by m?
43
Let x(q) = -q**3 + 12*q**2 + 17*q - 50. What is the remainder when x(9) is divided by 27?
22
Let f = 7404 - 6943. Calculate the remainder when f is divided by 24.
5
Let i(z) = z**3 + 19*z**2 + 56*z + 7. Let n(y) = y**3 + 3*y**2 - 5*y - 5. What is the remainder when i(-15) is divided by n(-3)?
7
Suppose -40*h = 1014 - 22134. What is the remainder when h is divided by 128?
16
Let f be -1*((405/5)/(-3))/1. Suppose 4*m + f - 63 = 0. Calculate the remainder when 60 is divided by m.
6
Let h = 361 + -347. Suppose -h = -2*x + 5*r, -r - r + 59 = 3*x. Calculate the remainder when 33 is divided by x.
16
Let h = -25141 + 26944. Calculate the remainder when h is divided by 43.
40
Let t = -9115 - -9125. What is the remainder when 77 is divided by t?
7
What is the remainder when 6357 is divided by -11 + 3052/56 - 3/6?
36
Suppose 6*o = 313 - 61. Let a = 6 + 10. What is the remainder when a is divided by ((-63)/o)/((-3)/6)?
1
Suppose -215*h + 1532 = -214*h. What is the remainder when h is divided by 12?
8
Suppose 13 = -6*s + 355. What is the remainder when s is divided by ((-1 - 4) + 0)*(-155)/25?
26
Let z(f) = 2*f + 57. Let p be z(0). Suppose 0*k - v + p = 2*k, 5*v = -5. What is the remainder when k is divided by 12?
5
Suppose 0 = -2*i - b + 14, -5*i + 7*b + 38 = 11*b. Let d(z) = z + 17. Calculate the remainder when d(12) is divided by i.
5
Suppose 2*s + 3*c - 130 = 0, 103*c = -s + 101*c + 67. What is the remainder when 928 is divided by s?
43
Let k(z) = -7*z - 139. Let x be k(-24). Suppose 4*j - 7 - x = 2*n, -2*n = 5*j - 54. Calculate the remainder when 55 is divided by j.
5
Suppose 0 = 2*j - 16*j + 70. Suppose -j*a = 2*d - 61, a + 5*d - 11 = 15. What is the remainder when a is divided by 6?
5
Let h(u) be the second derivative of 47*u**4/6 - 5*u**3/2 - 7*u**2 + 100*u. What is the remainder when h(-1) is divided by 16?
15
Let r(u) = -123*u + 192. Calculate the remainder when r(-79) is divided by 56.
53
Let x(n) = -175*n - 824. What is the remainder when 1631 is divided by x(-5)?
50
Suppose 0 = k + 4, 3*i = -0*i + 3*k + 237. Suppose -96 = -5*m - 4*s, 3*m - 101 = 3*s - 11. Calculate the remainder when i is divided by m.
3
Let t = 347 + -343. Suppose -31*q + 27 = -30*q - t*x, 28 = q - 5*x. What is the remainder when 137 is divided by q?
22
Suppose -h + 415 = -0*h. Let q = 18992 + -18973. What is the remainder when h is divided by q?
16
Let v = -13 + 50. Let n be -118*(4 + 15/(-2) + 3). Suppose 5*g - 15 = j, 3*j - n = 5*g - 54. Calculate the remainder when v is divided by j.
7
Let m(i) = 45*i**2 - 3*i - 2. Suppose -5*w - 4*n + 460 = 0, 2*w + 4*n = -2*w + 372. What is the remainder when w is divided by m(-1)?
42
Suppose 4*k + 47 = -81. Let c be 23*((-2)/(-2) + -2). Let v = c - k. Calculate the remainder when v is divided by 6.
3
Suppose -5*u - 3*w = -3814, 8*w + 2294 = 3*u + 9*w. What is the remainder when u is divided by 112?
95
Suppose -68*b - 59*b - 124*b = -20833. Suppose 2*r - 2636 = -2*r + 2*m, 0 = -3*m + 6. What is the remainder when r is divided by b?
79
Suppose -6*y = -11*y + 45. Suppose o - 13 = -2*a - 2*o, 5*o + 48 = 3*a. What is the remainder when ((-20)/6)/((-1)/y) is divided by a?
8
Suppose -5*y = -0*c + 2*c - 2, -2*y - 4*c = 12. Suppose -5*t + 365 = y*n + 3*n, t = 2*n - 143. Calculate the remainder when n is divided by 10.
2
Let q(m) = -m**3 - 16*m**2 + 21*m - 12. Suppose -5*b + 40 = 125. Let c be q(b). Calculate the remainder when ((42/(-5))/(-1))/((-12)/c) is divided by 20.
16
Suppose 4*d - m = -d + 18, -16 = -3*d - 2*m. Let c(s) = -s**2 + 10*s - 2. Let o be c(d). Suppose -3*g = o - 97. Calculate the remainder when 74 is divided by g.
24
Let l(z) = -4*z**3 + 8*z**2 - 4*z - 18. Let a(g) = -g**3 - g**2 - g. Let b(c) = -3*a(c) + l(c). What is the remainder when b(10) is divided by 13?
7
Let r = 1397 - 1972. Let w = 611 + r. What is the remainder when w is divided by 24?
12
Suppose 3*t = -43 + 292. Calculate the remainder when 1242 is divided by t.
80
Let a(s) = s**3 - 8*s**2 - s + 14. Let x be a(8). Suppose x*v = -15*v + 336. Calculate the remainder when v is divided by 8.
0
Let x = -541 + 1018. Let j = -224 + x. What is the remainder when j is divided by 51?
49
Suppose -48*s = 45*s - 53847. Calculate the remainder when s is divided by 148.
135
Suppose 5*m = 2*x + 283, -21*m + 4*x = -25*m + 204. What is the remainder when 3518 is divided by m?
53
Let g = 692 + -692. Suppose -2*l + 6 = g, 2*k - 3*l - 50 = 35. Calculate the remainder when k is divided by (-2)/(-1)*(-25)/(-2).
22
Suppose 9*a - 175 = 4*a. Calculate the remainder when 208 is divided by (-3)/4 - 30/(-24)*a.
36
Let j be 19 - 25 - (3 + -19). Calculate the remainder when ((-40)/(-24))/(j/504) is divided by 17.
16
Let k = -104 + 108. Suppose -l = k*v - 135, 132 = -l + 2*l + 3*v. What is the remainder when l is divided by 28?
11
Let h be 3 - 32/(-15) - (-4)/(-30). Suppose -2*w + 36 + 0 = s, 2*s = h*w - 90. Calculate the remainder when 111 is divided by w.
3
Let v(x) = x + 15. Let c be v(-8). Let p(n) = 6*n**3 + 2*n**2 + 0*n**3 - c*n**3 + 8 - 6*n**2. Calculate the remainder when p(-4) is divided by 6.
2
Suppose 0 = -p + 4*p + 21. Let c(x) = 2*x**2 + 7*x - 9. Let f(o) = -o**2 + 13*o + 11. What is the remainder when c(p) is divided by f(0)?
7
Let v = 6490 + -6362. Calculate the remainder when 326 is divided by v.
70
Suppose -2*p + 618 = -2*g, -4*p - 4*g = -5*g - 1239. Let n(a) = 2*a**2. What is the remainder when (-20)/(-4)*p/50 is divided by n(2)?
7
Suppose 0 = 278*x - 556*x + 275*x + 1869. Calculate the remainder when x is divided by 20.
3
Calculate the remainder when ((-4)/(-1 + -1))/(410/253175) is divided by 349.
188
Suppose 3*x + 61 = 5*k + 325, -2*k + 409 = 5*x. Calculate the remainder when x is divided by 24.
11
Let l be -2*7/(-35)*-670. Let i = -10 - l. Calculate the remainder when i is divided by 20.
18
Let g = 6807 - 6093. Calculate the remainder when g is divided by 26.
12
Let v(q) = -148*q - 95. What is the remainder when 2301 is divided by v(-1)?
22
Suppose 123*r - 1683 = -62*r + 3867. Calculate the remainder when 8697 is divided by r.
27
Let u(s) = 4*s**2 + 55*s - 9. Let d be u(-17). Suppose -18 = g + 4*a - 93, -3*g = -a - d. Calculate the remainder when g is divided by 18.
17
Suppose 0 = -95*w - 25*w - 108*w + 86184. Calculate the remainder when w is divided by 48.
42
Let l = -2060 + 2644. Calculate the remainder when l is divided by 39.
38
Let c(a) = 9*a**2 - 11*a + 27. Suppose 0 = -r - 0 + 4. Suppose -4*q + q + r*k = -43, 5*q - 68 = 3*k. Calculate the remainder when c(3) is divided by q.
10
Let h(y) = -y**2 + 10*y - 9. Let f(v) = 72*v - 388. Suppose 20*m - 8 = 112. Calculate the remainder when f(m) is divided by h(6).
14
Let x(y) = -107*y**3 + y**2 - y. Suppose -12 = 766*p - 754*p. Suppose q - 5*q + 56 = 0. What is the remainder when x(p) is divided by q?
11
Let b = 85 + -98. Let n(t) be the first derivative of -t**4/4 - 14*t**3/3 - 7*t**2 + 31*t + 8. Calculate the remainder when n(b) is divided by 13.
5
Let k = 517 + -503. Suppose 0 = k*b + 44*b - 2378. What is the remainder when 188 is divided by b?
24
Let x(m) = -m**2 + 2*m - 4. Let y be x(4). Calculate the remainder when 17 is divided by 6*(42/y + 4).
2
Let t = 58 + -34. Let h = -44 - -39. Let q(z) = z**3 + 6*z**2 + 2*z - 6. What is the remainder when t is divided by q(h)?
6
What is the remainder when (-25057)/(-32) - (-84)/(-2688) is divided by 50?
33
Let h = 9578 + -9385. Calculate the remainder when h is divided by 38.
3
Let a = -2286 + 3412. What is the remainder when a is divided by 557?
12
Let k = 674 - 626. What is the remainder when 228 is divided by k?
36
Let n(w) = -12*w**2 + 4*w - 2. Let z be n(2). Let r be ((-424)/6)/((-28)/42). Calculate the 